the thousands digit of 48097?
8
What is the ten thousands digit of 20470?
2
What is the units digit of 1488?
8
What is the hundreds digit of 349?
3
What is the tens digit of 3052?
5
What is the tens digit of 7264?
6
What is the thousands digit of 7857?
7
What is the units digit of 2011?
1
What is the units digit of 4113?
3
What is the units digit of 1929?
9
What is the tens digit of 2105?
0
What is the units digit of 29152?
2
What is the thousands digit of 5709?
5
What is the hundreds digit of 16324?
3
What is the hundreds digit of 30046?
0
What is the thousands digit of 9209?
9
What is the tens digit of 806?
0
What is the ten thousands digit of 37927?
3
What is the tens digit of 1045?
4
What is the units digit of 1314?
4
What is the units digit of 6678?
8
What is the ten thousands digit of 14123?
1
What is the thousands digit of 6881?
6
What is the ten thousands digit of 27738?
2
What is the hundreds digit of 57068?
0
What is the hundreds digit of 3148?
1
What is the units digit of 520?
0
What is the tens digit of 3610?
1
What is the units digit of 8258?
8
What is the hundreds digit of 7395?
3
What is the tens digit of 16939?
3
What is the ten thousands digit of 29542?
2
What is the units digit of 7165?
5
What is the hundreds digit of 9592?
5
What is the tens digit of 788?
8
What is the hundreds digit of 24514?
5
What is the hundreds digit of 8177?
1
What is the hundreds digit of 42182?
1
What is the tens digit of 23565?
6
What is the units digit of 37486?
6
What is the tens digit of 64?
6
What is the tens digit of 922?
2
What is the units digit of 30830?
0
What is the thousands digit of 4070?
4
What is the units digit of 10915?
5
What is the hundreds digit of 800?
8
What is the units digit of 12062?
2
What is the units digit of 159355?
5
What is the units digit of 19419?
9
What is the hundreds digit of 1111?
1
What is the hundreds digit of 55864?
8
What is the hundreds digit of 83499?
4
What is the thousands digit of 92902?
2
What is the thousands digit of 2035?
2
What is the units digit of 3312?
2
What is the thousands digit of 4058?
4
What is the thousands digit of 36544?
6
What is the tens digit of 642?
4
What is the units digit of 7492?
2
What is the tens digit of 2839?
3
What is the tens digit of 52610?
1
What is the thousands digit of 15792?
5
What is the tens digit of 70580?
8
What is the units digit of 800?
0
What is the units digit of 36360?
0
What is the units digit of 36369?
9
What is the units digit of 1893?
3
What is the thousands digit of 122417?
2
What is the hundreds digit of 7714?
7
What is the units digit of 545?
5
What is the units digit of 530?
0
What is the hundreds digit of 157261?
2
What is the thousands digit of 1145?
1
What is the ten thousands digit of 50570?
5
What is the units digit of 239?
9
What is the tens digit of 7943?
4
What is the units digit of 6124?
4
What is the tens digit of 1034?
3
What is the units digit of 58301?
1
What is the units digit of 2048?
8
What is the hundreds digit of 6719?
7
What is the hundreds digit of 570?
5
What is the hundreds digit of 31129?
1
What is the tens digit of 2499?
9
What is the units digit of 24415?
5
What is the units digit of 183?
3
What is the units digit of 37198?
8
What is the tens digit of 1201?
0
What is the tens digit of 195085?
8
What is the units digit of 5?
5
What is the tens digit of 19633?
3
What is the units digit of 830?
0
What is the units digit of 304?
4
What is the tens digit of 2387?
8
What is the units digit of 2841?
1
What is the units digit of 3310?
0
What is the units digit of 6764?
4
What is the hundreds digit of 236?
2
What is the thousands digit of 26255?
6
What is the tens digit of 6376?
7
What is the units digit of 46028?
8
What is the tens digit of 17989?
8
What is the tens digit of 2365?
6
What is the thousands digit of 1238?
1
What is the thousands digit of 2114?
2
What is the thousands digit of 1557?
1
What is the tens digit of 5045?
4
What is the hundreds digit of 5176?
1
What is the tens digit of 23049?
4
What is the hundreds digit of 218?
2
What is the units digit of 2806?
6
What is the thousands digit of 26884?
6
What is the units digit of 566?
6
What is the tens digit of 821?
2
What is the hundreds digit of 472?
4
What is the units digit of 772?
2
What is the hundreds digit of 2090?
0
What is the thousands digit of 4164?
4
What is the units digit of 30?
0
What is the ten thousands digit of 59355?
5
What is the thousands digit of 14443?
4
What is the hundreds digit of 2602?
6
What is the ten thousands digit of 23515?
2
What is the tens digit of 643?
4
What is the hundreds digit of 33887?
8
What is the tens digit of 42338?
3
What is the hundreds digit of 11725?
7
What is the thousands digit of 26497?
6
What is the units digit of 114?
4
What is the units digit of 488?
8
What is the thousands digit of 2402?
2
What is the tens digit of 15745?
4
What is the tens digit of 180?
8
What is the tens digit of 782?
8
What is the tens digit of 16379?
7
What is the hundreds digit of 12137?
1
What is the thousands digit of 2935?
2
What is the units digit of 988?
8
What is the units digit of 104?
4
What is the tens digit of 14370?
7
What is the tens digit of 788?
8
What is the hundreds digit of 36506?
5
What is the tens digit of 9423?
2
What is the hundreds digit of 26707?
7
What is the thousands digit of 3840?
3
What is the units digit of 1395?
5
What is the thousands digit of 1696?
1
What is the hundreds digit of 690?
6
What is the units digit of 5921?
1
What is the thousands digit of 2731?
2
What is the units digit of 196708?
8
What is the tens digit of 88201?
0
What is the units digit of 15146?
6
What is the units digit of 6450?
0
What is the units digit of 1006?
6
What is the hundreds digit of 5047?
0
What is the thousands digit of 1169?
1
What is the tens digit of 1652?
5
What is the thousands digit of 2355?
2
What is the units digit of 20353?
3
What is the units digit of 3965?
5
What is the units digit of 1894?
4
What is the tens digit of 4544?
4
What is the tens digit of 6078?
7
What is the units digit of 385?
5
What is the hundreds digit of 11370?
3
What is the tens digit of 35047?
4
What is the units digit of 3559?
9
What is the thousands digit of 5335?
5
What is the hundreds digit of 1453?
4
What is the hundreds digit of 196?
1
What is the units digit of 12575?
5
What is the hundreds digit of 2334?
3
What is the tens digit of 8448?
4
What is the hundreds digit of 587?
5
What is the ten thousands digit of 27017?
2
What is the thousands digit of 62531?
2
What is the units digit of 53515?
5
What is the hundreds digit of 9132?
1
What is the tens digit of 5466?
6
What is the units digit of 1548?
8
What is the hundreds digit of 546?
5
What is the ten thousands digit of 20445?
2
What is the thousands digit of 13701?
3
What is the tens digit of 982?
8
What is the units digit of 21887?
7
What is the hundreds digit of 13756?
7
What is the hundreds digit of 506?
5
What is the hundreds digit of 9888?
8
What is the thousands digit of 84227?
4
What is the hundreds digit of 424?
4
What is the hundreds digit of 616?
6
What is the units digit of 867?
7
What is the units digit of 1300?
0
What is the ten thousands digit of 10304?
1
What is the units digit of 11131?
1
What is the units digit of 1123?
3
What is the hundreds digit of 182?
1
What is the tens digit of 96113?
1
What is the thousands digit of 1860?
1
What is the ten thousands digit of 76937?
7
What is the units digit of 2134?
4
What is the tens digit of 5185?
8
What is the hundreds digit of 2025?
0
What is the tens digit of 1400?
0
What is the hundreds digit of 51858?
8
What is the thousands digit of 34999?
4
What is the tens digit of 4457?
5
What is the thousands digit of 1601?
1
What is the tens digit of 3759?
5
What is the hundreds digit of 152?
1
What is the thousands digit of 2398?
2
What is the tens digit of 9370?
7
What is the hundreds digit of 1798?
7
What is the units digit of 961?
1
What is the tens digit of 1471?
7
What is the hundreds digit of 19766?
7
What is the units digit of 3681?
1
What is the hundreds digit of 1577?
5
What is the tens digit of 29819?
1
What is the hundreds digit of 10911?
9
What is the units digit of 85?
5
What is the ten thousands digit of 11383?
1
What is the